{"id":124027,"date":"2024-01-16T04:49:45","date_gmt":"2024-01-16T04:49:45","guid":{"rendered":"https:\/\/www.ibvmunngo.org\/?post_type=mec-events&#038;p=124027"},"modified":"2024-01-16T04:49:45","modified_gmt":"2024-01-16T04:49:45","slug":"journee-internationale-de-leducation","status":"publish","type":"mec-events","link":"https:\/\/ibvmunngo.org\/fr\/events\/journee-internationale-de-leducation\/","title":{"rendered":"Journ\u00e9e internationale de l&#039;\u00e9ducation"},"content":{"rendered":"<p>L&#039;Assembl\u00e9e g\u00e9n\u00e9rale des Nations Unies a proclam\u00e9 le 24 janvier Journ\u00e9e internationale de l&#039;\u00e9ducation, pour c\u00e9l\u00e9brer le r\u00f4le de l&#039;\u00e9ducation pour la paix et le d\u00e9veloppement. Le th\u00e8me de cette ann\u00e9e est &#8220;Apprendre pour une paix durable.&#8221;<\/p>\n<p>Pour plus d&#039;informations, veuillez vous rendre sur le site de l&#039;UNESCO en cliquant sur <a href=\"https:\/\/www.unesco.org\/en\/days\/education\">ICI.<\/a><\/p>","protected":false},"excerpt":{"rendered":"<p>L&#039;Assembl\u00e9e g\u00e9n\u00e9rale des Nations Unies a proclam\u00e9 le 24 janvier Journ\u00e9e internationale de l&#039;\u00e9ducation, pour c\u00e9l\u00e9brer le r\u00f4le de l&#039;\u00e9ducation pour la paix et le d\u00e9veloppement. Le th\u00e8me de cette ann\u00e9e est &#8220;Apprendre pour une paix durable.&#8221; Pour plus d\u2019informations, veuillez vous rendre sur le site de l\u2019UNESCO en cliquant ICI.<\/p>","protected":false},"author":11,"featured_media":0,"template":"","tags":[],"mec_category":[],"class_list":["post-124027","mec-events","type-mec-events","status-publish","hentry"],"yoast_head":"<!-- This site is optimized with the Yoast SEO plugin v27.5 - https:\/\/yoast.com\/product\/yoast-seo-wordpress\/ -->\n<title>International Day of Education - Institute of the Blessed Virgin Mary \u2013 Loreto<\/title>\n<meta name=\"robots\" content=\"index, follow, max-snippet:-1, max-image-preview:large, max-video-preview:-1\" \/>\n<link rel=\"canonical\" href=\"https:\/\/ibvmunngo.org\/fr\/events\/journee-internationale-de-leducation\/\" \/>\n<meta property=\"og:locale\" content=\"fr_FR\" \/>\n<meta property=\"og:type\" content=\"article\" \/>\n<meta property=\"og:title\" content=\"International Day of Education - Institute of the Blessed Virgin Mary \u2013 Loreto\" \/>\n<meta property=\"og:description\" content=\"The United Nations General Assembly proclaimed 24 January as International Day of Education, in celebration of the role of education for peace and development. The Theme for this year is &#8220;Learning for Lasting Peace.&#8221; For more information, please go to the UNESCO website by clicking HERE.\" \/>\n<meta property=\"og:url\" content=\"https:\/\/ibvmunngo.org\/fr\/events\/journee-internationale-de-leducation\/\" \/>\n<meta property=\"og:site_name\" content=\"Institute of the Blessed Virgin Mary \u2013 Loreto\" \/>\n<meta name=\"twitter:card\" content=\"summary_large_image\" \/>\n<meta name=\"twitter:label1\" content=\"Dur\u00e9e de lecture estim\u00e9e\" \/>\n\t<meta name=\"twitter:data1\" content=\"1 minute\" \/>\n<script type=\"application\/ld+json\" class=\"yoast-schema-graph\">{\"@context\":\"https:\\\/\\\/schema.org\",\"@graph\":[{\"@type\":\"WebPage\",\"@id\":\"https:\\\/\\\/ibvmunngo.org\\\/events\\\/international-day-of-education\\\/\",\"url\":\"https:\\\/\\\/ibvmunngo.org\\\/events\\\/international-day-of-education\\\/\",\"name\":\"International Day of Education - Institute of the Blessed Virgin Mary \u2013 Loreto\",\"isPartOf\":{\"@id\":\"https:\\\/\\\/ibvmunngo.org\\\/es\\\/#website\"},\"datePublished\":\"2024-01-16T04:49:45+00:00\",\"breadcrumb\":{\"@id\":\"https:\\\/\\\/ibvmunngo.org\\\/events\\\/international-day-of-education\\\/#breadcrumb\"},\"inLanguage\":\"fr-FR\",\"potentialAction\":[{\"@type\":\"ReadAction\",\"target\":[\"https:\\\/\\\/ibvmunngo.org\\\/events\\\/international-day-of-education\\\/\"]}]},{\"@type\":\"BreadcrumbList\",\"@id\":\"https:\\\/\\\/ibvmunngo.org\\\/events\\\/international-day-of-education\\\/#breadcrumb\",\"itemListElement\":[{\"@type\":\"ListItem\",\"position\":1,\"name\":\"Home\",\"item\":\"https:\\\/\\\/ibvmunngo.org\\\/es\\\/\"},{\"@type\":\"ListItem\",\"position\":2,\"name\":\"\u00c9venements\",\"item\":\"https:\\\/\\\/ibvmunngo.org\\\/fr\\\/evenements\\\/\"},{\"@type\":\"ListItem\",\"position\":3,\"name\":\"International Day of Education\"}]},{\"@type\":\"WebSite\",\"@id\":\"https:\\\/\\\/ibvmunngo.org\\\/es\\\/#website\",\"url\":\"https:\\\/\\\/ibvmunngo.org\\\/es\\\/\",\"name\":\"Institute of the Blessed Virgin Mary \u2013 Loreto\",\"description\":\"NGO ASSOCIATED WITH ECOSOC AT THE UNITED NATIONS\",\"publisher\":{\"@id\":\"https:\\\/\\\/ibvmunngo.org\\\/es\\\/#organization\"},\"potentialAction\":[{\"@type\":\"SearchAction\",\"target\":{\"@type\":\"EntryPoint\",\"urlTemplate\":\"https:\\\/\\\/ibvmunngo.org\\\/es\\\/?s={search_term_string}\"},\"query-input\":{\"@type\":\"PropertyValueSpecification\",\"valueRequired\":true,\"valueName\":\"search_term_string\"}}],\"inLanguage\":\"fr-FR\"},{\"@type\":\"Organization\",\"@id\":\"https:\\\/\\\/ibvmunngo.org\\\/es\\\/#organization\",\"name\":\"Institute of the Blessed Virgin Mary \u2013 Loreto\",\"url\":\"https:\\\/\\\/ibvmunngo.org\\\/es\\\/\",\"logo\":{\"@type\":\"ImageObject\",\"inLanguage\":\"fr-FR\",\"@id\":\"https:\\\/\\\/ibvmunngo.org\\\/es\\\/#\\\/schema\\\/logo\\\/image\\\/\",\"url\":\"https:\\\/\\\/ibvmunngo.org\\\/wp-content\\\/uploads\\\/2020\\\/10\\\/Logo_IBVM_UN_1.png\",\"contentUrl\":\"https:\\\/\\\/ibvmunngo.org\\\/wp-content\\\/uploads\\\/2020\\\/10\\\/Logo_IBVM_UN_1.png\",\"width\":200,\"height\":144,\"caption\":\"Institute of the Blessed Virgin Mary \u2013 Loreto\"},\"image\":{\"@id\":\"https:\\\/\\\/ibvmunngo.org\\\/es\\\/#\\\/schema\\\/logo\\\/image\\\/\"}}]}<\/script>\n<!-- \/ Yoast SEO plugin. -->","yoast_head_json":{"title":"Journ\u00e9e internationale de l&#039;\u00e9ducation - Institut de la Bienheureuse Vierge Marie \u2013 Loreto","robots":{"index":"index","follow":"follow","max-snippet":"max-snippet:-1","max-image-preview":"max-image-preview:large","max-video-preview":"max-video-preview:-1"},"canonical":"https:\/\/ibvmunngo.org\/fr\/events\/journee-internationale-de-leducation\/","og_locale":"fr_FR","og_type":"article","og_title":"International Day of Education - Institute of the Blessed Virgin Mary \u2013 Loreto","og_description":"The United Nations General Assembly proclaimed 24 January as International Day of Education, in celebration of the role of education for peace and development. The Theme for this year is &#8220;Learning for Lasting Peace.&#8221; For more information, please go to the UNESCO website by clicking HERE.","og_url":"https:\/\/ibvmunngo.org\/fr\/events\/journee-internationale-de-leducation\/","og_site_name":"Institute of the Blessed Virgin Mary \u2013 Loreto","twitter_card":"summary_large_image","twitter_misc":{"Dur\u00e9e de lecture estim\u00e9e":"1 minute"},"schema":{"@context":"https:\/\/schema.org","@graph":[{"@type":"WebPage","@id":"https:\/\/ibvmunngo.org\/events\/international-day-of-education\/","url":"https:\/\/ibvmunngo.org\/events\/international-day-of-education\/","name":"Journ\u00e9e internationale de l&#039;\u00e9ducation - Institut de la Bienheureuse Vierge Marie \u2013 Loreto","isPartOf":{"@id":"https:\/\/ibvmunngo.org\/es\/#website"},"datePublished":"2024-01-16T04:49:45+00:00","breadcrumb":{"@id":"https:\/\/ibvmunngo.org\/events\/international-day-of-education\/#breadcrumb"},"inLanguage":"fr-FR","potentialAction":[{"@type":"ReadAction","target":["https:\/\/ibvmunngo.org\/events\/international-day-of-education\/"]}]},{"@type":"BreadcrumbList","@id":"https:\/\/ibvmunngo.org\/events\/international-day-of-education\/#breadcrumb","itemListElement":[{"@type":"ListItem","position":1,"name":"Home","item":"https:\/\/ibvmunngo.org\/es\/"},{"@type":"ListItem","position":2,"name":"\u00c9venements","item":"https:\/\/ibvmunngo.org\/fr\/evenements\/"},{"@type":"ListItem","position":3,"name":"International Day of Education"}]},{"@type":"WebSite","@id":"https:\/\/ibvmunngo.org\/es\/#website","url":"https:\/\/ibvmunngo.org\/es\/","name":"Institut de la Bienheureuse Vierge Marie \u2013 Lorette","description":"ONG ASSOCIEE A L&#039;ECOSOC AUX NATIONS UNIES","publisher":{"@id":"https:\/\/ibvmunngo.org\/es\/#organization"},"potentialAction":[{"@type":"SearchAction","target":{"@type":"EntryPoint","urlTemplate":"https:\/\/ibvmunngo.org\/es\/?s={search_term_string}"},"query-input":{"@type":"PropertyValueSpecification","valueRequired":true,"valueName":"search_term_string"}}],"inLanguage":"fr-FR"},{"@type":"Organization","@id":"https:\/\/ibvmunngo.org\/es\/#organization","name":"Institut de la Bienheureuse Vierge Marie \u2013 Lorette","url":"https:\/\/ibvmunngo.org\/es\/","logo":{"@type":"ImageObject","inLanguage":"fr-FR","@id":"https:\/\/ibvmunngo.org\/es\/#\/schema\/logo\/image\/","url":"https:\/\/ibvmunngo.org\/wp-content\/uploads\/2020\/10\/Logo_IBVM_UN_1.png","contentUrl":"https:\/\/ibvmunngo.org\/wp-content\/uploads\/2020\/10\/Logo_IBVM_UN_1.png","width":200,"height":144,"caption":"Institute of the Blessed Virgin Mary \u2013 Loreto"},"image":{"@id":"https:\/\/ibvmunngo.org\/es\/#\/schema\/logo\/image\/"}}]}},"_links":{"self":[{"href":"https:\/\/ibvmunngo.org\/fr\/wp-json\/wp\/v2\/mec-events\/124027","targetHints":{"allow":["GET"]}}],"collection":[{"href":"https:\/\/ibvmunngo.org\/fr\/wp-json\/wp\/v2\/mec-events"}],"about":[{"href":"https:\/\/ibvmunngo.org\/fr\/wp-json\/wp\/v2\/types\/mec-events"}],"author":[{"embeddable":true,"href":"https:\/\/ibvmunngo.org\/fr\/wp-json\/wp\/v2\/users\/11"}],"wp:attachment":[{"href":"https:\/\/ibvmunngo.org\/fr\/wp-json\/wp\/v2\/media?parent=124027"}],"wp:term":[{"taxonomy":"post_tag","embeddable":true,"href":"https:\/\/ibvmunngo.org\/fr\/wp-json\/wp\/v2\/tags?post=124027"},{"taxonomy":"mec_category","embeddable":true,"href":"https:\/\/ibvmunngo.org\/fr\/wp-json\/wp\/v2\/mec_category?post=124027"}],"curies":[{"name":"wp","href":"https:\/\/api.w.org\/{rel}","templated":true}]}}

Journée internationale de l&#039;éducation

<p>L&#039;Assemblée générale des Nations Unies a proclamé le 24 janvier Journée internationale de l&#039;éducation, pour célébrer le rôle de l&#039;éducation pour la paix et le développement. Le thème de cette année est &#8220;Apprendre pour une paix durable.&#8221;</p>
<p>Pour plus d&#039;informations, veuillez vous rendre sur le site de l&#039;UNESCO en cliquant sur <a href="https://www.unesco.org/en/days/education">ICI.</a></p>

<p>L&#039;Assemblée générale des Nations Unies a proclamé le 24 janvier Journée internationale de l&#039;éducation, pour célébrer le rôle de l&#039;éducation pour la paix et le développement. Le thème de cette année est &#8220;Apprendre pour une paix durable.&#8221; Pour plus d’informations, veuillez vous rendre sur le site de l’UNESCO en cliquant ICI.</p>

<!-- This site is optimized with the Yoast SEO plugin v27.5 - https://yoast.com/product/yoast-seo-wordpress/ -->
<title>International Day of Education - Institute of the Blessed Virgin Mary – Loreto</title>
<meta name="robots" content="index, follow, max-snippet:-1, max-image-preview:large, max-video-preview:-1" />
<link rel="canonical" href="https://ibvmunngo.org/fr/events/journee-internationale-de-leducation/" />
<meta property="og:locale" content="fr_FR" />
<meta property="og:type" content="article" />
<meta property="og:title" content="International Day of Education - Institute of the Blessed Virgin Mary – Loreto" />
<meta property="og:description" content="The United Nations General Assembly proclaimed 24 January as International Day of Education, in celebration of the role of education for peace and development. The Theme for this year is &#8220;Learning for Lasting Peace.&#8221; For more information, please go to the UNESCO website by clicking HERE." />
<meta property="og:url" content="https://ibvmunngo.org/fr/events/journee-internationale-de-leducation/" />
<meta property="og:site_name" content="Institute of the Blessed Virgin Mary – Loreto" />
<meta name="twitter:card" content="summary_large_image" />
<meta name="twitter:label1" content="Durée de lecture estimée" />
	<meta name="twitter:data1" content="1 minute" />
<script type="application/ld+json" class="yoast-schema-graph">{"@context":"https:\/\/schema.org","@graph":[{"@type":"WebPage","@id":"https:\/\/ibvmunngo.org\/events\/international-day-of-education\/","url":"https:\/\/ibvmunngo.org\/events\/international-day-of-education\/","name":"International Day of Education - Institute of the Blessed Virgin Mary – Loreto","isPartOf":{"@id":"https:\/\/ibvmunngo.org\/es\/#website"},"datePublished":"2024-01-16T04:49:45+00:00","breadcrumb":{"@id":"https:\/\/ibvmunngo.org\/events\/international-day-of-education\/#breadcrumb"},"inLanguage":"fr-FR","potentialAction":[{"@type":"ReadAction","target":["https:\/\/ibvmunngo.org\/events\/international-day-of-education\/"]}]},{"@type":"BreadcrumbList","@id":"https:\/\/ibvmunngo.org\/events\/international-day-of-education\/#breadcrumb","itemListElement":[{"@type":"ListItem","position":1,"name":"Home","item":"https:\/\/ibvmunngo.org\/es\/"},{"@type":"ListItem","position":2,"name":"Évenements","item":"https:\/\/ibvmunngo.org\/fr\/evenements\/"},{"@type":"ListItem","position":3,"name":"International Day of Education"}]},{"@type":"WebSite","@id":"https:\/\/ibvmunngo.org\/es\/#website","url":"https:\/\/ibvmunngo.org\/es\/","name":"Institute of the Blessed Virgin Mary – Loreto","description":"NGO ASSOCIATED WITH ECOSOC AT THE UNITED NATIONS","publisher":{"@id":"https:\/\/ibvmunngo.org\/es\/#organization"},"potentialAction":[{"@type":"SearchAction","target":{"@type":"EntryPoint","urlTemplate":"https:\/\/ibvmunngo.org\/es\/?s={search_term_string}"},"query-input":{"@type":"PropertyValueSpecification","valueRequired":true,"valueName":"search_term_string"}}],"inLanguage":"fr-FR"},{"@type":"Organization","@id":"https:\/\/ibvmunngo.org\/es\/#organization","name":"Institute of the Blessed Virgin Mary – Loreto","url":"https:\/\/ibvmunngo.org\/es\/","logo":{"@type":"ImageObject","inLanguage":"fr-FR","@id":"https:\/\/ibvmunngo.org\/es\/#\/schema\/logo\/image\/","url":"https:\/\/ibvmunngo.org\/wp-content\/uploads\/2020\/10\/Logo_IBVM_UN_1.png","contentUrl":"https:\/\/ibvmunngo.org\/wp-content\/uploads\/2020\/10\/Logo_IBVM_UN_1.png","width":200,"height":144,"caption":"Institute of the Blessed Virgin Mary – Loreto"},"image":{"@id":"https:\/\/ibvmunngo.org\/es\/#\/schema\/logo\/image\/"}}]}</script>
<!-- / Yoast SEO plugin. -->

Journée internationale de l&#039;éducation - Institut de la Bienheureuse Vierge Marie – Loreto

Évenements
