{"id":69136,"date":"2022-03-04T16:44:25","date_gmt":"2022-03-04T16:44:25","guid":{"rendered":"https:\/\/www.ibvmunngo.org\/?post_type=mec-events&#038;p=69136"},"modified":"2022-03-04T16:44:52","modified_gmt":"2022-03-04T16:44:52","slug":"construire-de-maniere-plus-verte-dune-generation-a-lautre-conversation-intergenerationnelle-sur-la-crise-climatique","status":"publish","type":"mec-events","link":"https:\/\/ibvmunngo.org\/fr\/events\/construire-de-maniere-plus-verte-dune-generation-a-lautre-conversation-intergenerationnelle-sur-la-crise-climatique\/","title":{"rendered":"Construire plus \u00e9cologiquement au fil des g\u00e9n\u00e9rations &amp;#8211\u00a0; Conversation interg\u00e9n\u00e9rationnelle sur la crise climatique"},"content":{"rendered":"<p>En d\u00e9cembre 2021, le Groupe de travail sur les filles, en collaboration avec ONU Femmes, a organis\u00e9 un cercle mondial de conversation virtuel entre filles, dirig\u00e9 par des filles et des filles de nos organisations membres. Simultan\u00e9ment, WGG a \u00e9galement invit\u00e9 les filles et les organisations travaillant dans le monde entier \u00e0 organiser des cercles de conversation de filles locaux afin de garantir que les voix des filles qui ne pouvaient pas assister \u00e0 l&#039;\u00e9v\u00e9nement virtuel en direct soient incluses. Les filles ont discut\u00e9 de leur point de vue sur le changement climatique et de ses effets sur leur vie. Ils connaissent les changements n\u00e9cessaires et savent comment ils peuvent contribuer \u00e0 la fois en tant que leaders et acteurs du changement.<\/p>\n<p>Avant la CSW, nous avons demand\u00e9 aux filles les sujets dont elles aimeraient discuter davantage et avec qui. Les sujets mentionn\u00e9s \u00e9taient en corr\u00e9lation avec les th\u00e8mes de la coalition d&#039;action du Forum G\u00e9n\u00e9ration \u00c9galit\u00e9 (FEM), en particulier sur le leadership f\u00e9ministe et la justice climatique. La majorit\u00e9 des personnes interrog\u00e9es privil\u00e9gient \u00e9galement un dialogue interg\u00e9n\u00e9rationnel permettant une \u00e9coute approfondie et une action collaborative. Les filles ont pris conscience de l&#039;importance pour les filles et les femmes qui subissent directement les effets du changement climatique d&#039;\u00eatre pr\u00e9sentes \u00e0 l&#039;\u00e9v\u00e9nement.<\/p>\n<p>En r\u00e9ponse, le Groupe de travail sur les filles (WGG), travaillant en collaboration avec l&#039;ONG CSW, organisera un cercle de conversation interg\u00e9n\u00e9rationnel virtuel dirig\u00e9 par des filles le 21 mars de 9h \u00e0 10h30, avec des filles, des jeunes adultes et des femmes. de nos organisations membres participantes.<\/p>\n<p>Ces cercles de conversation dirig\u00e9s par des filles rassembleront des filles et des femmes pour avoir un dialogue productif sur les th\u00e8mes suivants de la coalition d&#039;action du FEM dans le contexte du changement climatique et de la r\u00e9duction des risques de catastrophe environnementale, de leur impact sur la vie des filles, d&#039;identifier les domaines d&#039;\u00e9laboration de politiques et les risques. r\u00e9duction et \u00e0 d\u00e9velopper des m\u00e9thodes de plaidoyer collaboratif au sein de leurs communaut\u00e9s et \u00e0 l\u2019\u00e9chelle mondiale. En plus du plaidoyer, nous esp\u00e9rons offrir un espace pour le mentorat interg\u00e9n\u00e9rationnel.<\/p>\n<p>Cliquez sur <a href=\"https:\/\/docs.google.com\/forms\/d\/e\/1FAIpQLSeJaSyiPFsGi0cuAzcmhZJYHseZ-DHbo2ui4CjDCX6ZJlAS6Q\/viewform\"><strong>ICI<\/strong><\/a> pour enregistrer votre int\u00e9r\u00eat \u00e0 participer.<\/p>","protected":false},"excerpt":{"rendered":"<p>In December 2021 the Working Group on Girls in collaboration with UN Women hosted a live virtual Global Girls Conversation Circle for girls led by girls with girls from our member organizations. Simultaneously, WGG also invited girls and organizations working around the globe to host local Girls Conversation Circles to ensure that the voices of [&hellip;]<\/p>\n","protected":false},"author":6,"featured_media":0,"template":"","tags":[],"mec_category":[],"class_list":["post-69136","mec-events","type-mec-events","status-publish","hentry"],"yoast_head":"<!-- This site is optimized with the Yoast SEO plugin v27.5 - https:\/\/yoast.com\/product\/yoast-seo-wordpress\/ -->\n<title>Building Greener Across Generations - Intergenerational Conversation on Climate Crisis - Institute of the Blessed Virgin Mary \u2013 Loreto<\/title>\n<meta name=\"robots\" content=\"index, follow, max-snippet:-1, max-image-preview:large, max-video-preview:-1\" \/>\n<link rel=\"canonical\" href=\"https:\/\/ibvmunngo.org\/fr\/events\/construire-de-maniere-plus-verte-dune-generation-a-lautre-conversation-intergenerationnelle-sur-la-crise-climatique\/\" \/>\n<meta property=\"og:locale\" content=\"fr_FR\" \/>\n<meta property=\"og:type\" content=\"article\" \/>\n<meta property=\"og:title\" content=\"Building Greener Across Generations - Intergenerational Conversation on Climate Crisis - Institute of the Blessed Virgin Mary \u2013 Loreto\" \/>\n<meta property=\"og:description\" content=\"In December 2021 the Working Group on Girls in collaboration with UN Women hosted a live virtual Global Girls Conversation Circle for girls led by girls with girls from our member organizations. Simultaneously, WGG also invited girls and organizations working around the globe to host local Girls Conversation Circles to ensure that the voices of [&hellip;]\" \/>\n<meta property=\"og:url\" content=\"https:\/\/ibvmunngo.org\/fr\/events\/construire-de-maniere-plus-verte-dune-generation-a-lautre-conversation-intergenerationnelle-sur-la-crise-climatique\/\" \/>\n<meta property=\"og:site_name\" content=\"Institute of the Blessed Virgin Mary \u2013 Loreto\" \/>\n<meta property=\"article:modified_time\" content=\"2022-03-04T16:44:52+00:00\" \/>\n<meta name=\"twitter:card\" content=\"summary_large_image\" \/>\n<meta name=\"twitter:label1\" content=\"Dur\u00e9e de lecture estim\u00e9e\" \/>\n\t<meta name=\"twitter:data1\" content=\"2 minutes\" \/>\n<script type=\"application\/ld+json\" class=\"yoast-schema-graph\">{\"@context\":\"https:\\\/\\\/schema.org\",\"@graph\":[{\"@type\":\"WebPage\",\"@id\":\"https:\\\/\\\/ibvmunngo.org\\\/events\\\/building-greener-across-generations-intergenerational-conversation-on-climate-crisis\\\/\",\"url\":\"https:\\\/\\\/ibvmunngo.org\\\/events\\\/building-greener-across-generations-intergenerational-conversation-on-climate-crisis\\\/\",\"name\":\"Building Greener Across Generations - Intergenerational Conversation on Climate Crisis - Institute of the Blessed Virgin Mary \u2013 Loreto\",\"isPartOf\":{\"@id\":\"https:\\\/\\\/ibvmunngo.org\\\/es\\\/#website\"},\"datePublished\":\"2022-03-04T16:44:25+00:00\",\"dateModified\":\"2022-03-04T16:44:52+00:00\",\"breadcrumb\":{\"@id\":\"https:\\\/\\\/ibvmunngo.org\\\/events\\\/building-greener-across-generations-intergenerational-conversation-on-climate-crisis\\\/#breadcrumb\"},\"inLanguage\":\"fr-FR\",\"potentialAction\":[{\"@type\":\"ReadAction\",\"target\":[\"https:\\\/\\\/ibvmunngo.org\\\/events\\\/building-greener-across-generations-intergenerational-conversation-on-climate-crisis\\\/\"]}]},{\"@type\":\"BreadcrumbList\",\"@id\":\"https:\\\/\\\/ibvmunngo.org\\\/events\\\/building-greener-across-generations-intergenerational-conversation-on-climate-crisis\\\/#breadcrumb\",\"itemListElement\":[{\"@type\":\"ListItem\",\"position\":1,\"name\":\"Home\",\"item\":\"https:\\\/\\\/ibvmunngo.org\\\/es\\\/\"},{\"@type\":\"ListItem\",\"position\":2,\"name\":\"\u00c9venements\",\"item\":\"https:\\\/\\\/ibvmunngo.org\\\/fr\\\/evenements\\\/\"},{\"@type\":\"ListItem\",\"position\":3,\"name\":\"Building Greener Across Generations &#8211; Intergenerational Conversation on Climate Crisis\"}]},{\"@type\":\"WebSite\",\"@id\":\"https:\\\/\\\/ibvmunngo.org\\\/es\\\/#website\",\"url\":\"https:\\\/\\\/ibvmunngo.org\\\/es\\\/\",\"name\":\"Institute of the Blessed Virgin Mary \u2013 Loreto\",\"description\":\"NGO ASSOCIATED WITH ECOSOC AT THE UNITED NATIONS\",\"publisher\":{\"@id\":\"https:\\\/\\\/ibvmunngo.org\\\/es\\\/#organization\"},\"potentialAction\":[{\"@type\":\"SearchAction\",\"target\":{\"@type\":\"EntryPoint\",\"urlTemplate\":\"https:\\\/\\\/ibvmunngo.org\\\/es\\\/?s={search_term_string}\"},\"query-input\":{\"@type\":\"PropertyValueSpecification\",\"valueRequired\":true,\"valueName\":\"search_term_string\"}}],\"inLanguage\":\"fr-FR\"},{\"@type\":\"Organization\",\"@id\":\"https:\\\/\\\/ibvmunngo.org\\\/es\\\/#organization\",\"name\":\"Institute of the Blessed Virgin Mary \u2013 Loreto\",\"url\":\"https:\\\/\\\/ibvmunngo.org\\\/es\\\/\",\"logo\":{\"@type\":\"ImageObject\",\"inLanguage\":\"fr-FR\",\"@id\":\"https:\\\/\\\/ibvmunngo.org\\\/es\\\/#\\\/schema\\\/logo\\\/image\\\/\",\"url\":\"https:\\\/\\\/ibvmunngo.org\\\/wp-content\\\/uploads\\\/2020\\\/10\\\/Logo_IBVM_UN_1.png\",\"contentUrl\":\"https:\\\/\\\/ibvmunngo.org\\\/wp-content\\\/uploads\\\/2020\\\/10\\\/Logo_IBVM_UN_1.png\",\"width\":200,\"height\":144,\"caption\":\"Institute of the Blessed Virgin Mary \u2013 Loreto\"},\"image\":{\"@id\":\"https:\\\/\\\/ibvmunngo.org\\\/es\\\/#\\\/schema\\\/logo\\\/image\\\/\"}}]}<\/script>\n<!-- \/ Yoast SEO plugin. -->","yoast_head_json":{"title":"Construire plus vert \u00e0 travers les g\u00e9n\u00e9rations - Conversation interg\u00e9n\u00e9rationnelle sur la crise climatique - Institut de la Bienheureuse Vierge Marie \u2013 Loreto","robots":{"index":"index","follow":"follow","max-snippet":"max-snippet:-1","max-image-preview":"max-image-preview:large","max-video-preview":"max-video-preview:-1"},"canonical":"https:\/\/ibvmunngo.org\/fr\/events\/construire-de-maniere-plus-verte-dune-generation-a-lautre-conversation-intergenerationnelle-sur-la-crise-climatique\/","og_locale":"fr_FR","og_type":"article","og_title":"Building Greener Across Generations - Intergenerational Conversation on Climate Crisis - Institute of the Blessed Virgin Mary \u2013 Loreto","og_description":"In December 2021 the Working Group on Girls in collaboration with UN Women hosted a live virtual Global Girls Conversation Circle for girls led by girls with girls from our member organizations. Simultaneously, WGG also invited girls and organizations working around the globe to host local Girls Conversation Circles to ensure that the voices of [&hellip;]","og_url":"https:\/\/ibvmunngo.org\/fr\/events\/construire-de-maniere-plus-verte-dune-generation-a-lautre-conversation-intergenerationnelle-sur-la-crise-climatique\/","og_site_name":"Institute of the Blessed Virgin Mary \u2013 Loreto","article_modified_time":"2022-03-04T16:44:52+00:00","twitter_card":"summary_large_image","twitter_misc":{"Dur\u00e9e de lecture estim\u00e9e":"2 minutes"},"schema":{"@context":"https:\/\/schema.org","@graph":[{"@type":"WebPage","@id":"https:\/\/ibvmunngo.org\/events\/building-greener-across-generations-intergenerational-conversation-on-climate-crisis\/","url":"https:\/\/ibvmunngo.org\/events\/building-greener-across-generations-intergenerational-conversation-on-climate-crisis\/","name":"Construire plus vert \u00e0 travers les g\u00e9n\u00e9rations - Conversation interg\u00e9n\u00e9rationnelle sur la crise climatique - Institut de la Bienheureuse Vierge Marie \u2013 Loreto","isPartOf":{"@id":"https:\/\/ibvmunngo.org\/es\/#website"},"datePublished":"2022-03-04T16:44:25+00:00","dateModified":"2022-03-04T16:44:52+00:00","breadcrumb":{"@id":"https:\/\/ibvmunngo.org\/events\/building-greener-across-generations-intergenerational-conversation-on-climate-crisis\/#breadcrumb"},"inLanguage":"fr-FR","potentialAction":[{"@type":"ReadAction","target":["https:\/\/ibvmunngo.org\/events\/building-greener-across-generations-intergenerational-conversation-on-climate-crisis\/"]}]},{"@type":"BreadcrumbList","@id":"https:\/\/ibvmunngo.org\/events\/building-greener-across-generations-intergenerational-conversation-on-climate-crisis\/#breadcrumb","itemListElement":[{"@type":"ListItem","position":1,"name":"Home","item":"https:\/\/ibvmunngo.org\/es\/"},{"@type":"ListItem","position":2,"name":"\u00c9venements","item":"https:\/\/ibvmunngo.org\/fr\/evenements\/"},{"@type":"ListItem","position":3,"name":"Building Greener Across Generations &#8211; Intergenerational Conversation on Climate Crisis"}]},{"@type":"WebSite","@id":"https:\/\/ibvmunngo.org\/es\/#website","url":"https:\/\/ibvmunngo.org\/es\/","name":"Institut de la Bienheureuse Vierge Marie \u2013 Lorette","description":"ONG ASSOCIEE A L&#039;ECOSOC AUX NATIONS UNIES","publisher":{"@id":"https:\/\/ibvmunngo.org\/es\/#organization"},"potentialAction":[{"@type":"SearchAction","target":{"@type":"EntryPoint","urlTemplate":"https:\/\/ibvmunngo.org\/es\/?s={search_term_string}"},"query-input":{"@type":"PropertyValueSpecification","valueRequired":true,"valueName":"search_term_string"}}],"inLanguage":"fr-FR"},{"@type":"Organization","@id":"https:\/\/ibvmunngo.org\/es\/#organization","name":"Institut de la Bienheureuse Vierge Marie \u2013 Lorette","url":"https:\/\/ibvmunngo.org\/es\/","logo":{"@type":"ImageObject","inLanguage":"fr-FR","@id":"https:\/\/ibvmunngo.org\/es\/#\/schema\/logo\/image\/","url":"https:\/\/ibvmunngo.org\/wp-content\/uploads\/2020\/10\/Logo_IBVM_UN_1.png","contentUrl":"https:\/\/ibvmunngo.org\/wp-content\/uploads\/2020\/10\/Logo_IBVM_UN_1.png","width":200,"height":144,"caption":"Institute of the Blessed Virgin Mary \u2013 Loreto"},"image":{"@id":"https:\/\/ibvmunngo.org\/es\/#\/schema\/logo\/image\/"}}]}},"_links":{"self":[{"href":"https:\/\/ibvmunngo.org\/fr\/wp-json\/wp\/v2\/mec-events\/69136","targetHints":{"allow":["GET"]}}],"collection":[{"href":"https:\/\/ibvmunngo.org\/fr\/wp-json\/wp\/v2\/mec-events"}],"about":[{"href":"https:\/\/ibvmunngo.org\/fr\/wp-json\/wp\/v2\/types\/mec-events"}],"author":[{"embeddable":true,"href":"https:\/\/ibvmunngo.org\/fr\/wp-json\/wp\/v2\/users\/6"}],"wp:attachment":[{"href":"https:\/\/ibvmunngo.org\/fr\/wp-json\/wp\/v2\/media?parent=69136"}],"wp:term":[{"taxonomy":"post_tag","embeddable":true,"href":"https:\/\/ibvmunngo.org\/fr\/wp-json\/wp\/v2\/tags?post=69136"},{"taxonomy":"mec_category","embeddable":true,"href":"https:\/\/ibvmunngo.org\/fr\/wp-json\/wp\/v2\/mec_category?post=69136"}],"curies":[{"name":"wp","href":"https:\/\/api.w.org\/{rel}","templated":true}]}}

Construire plus écologiquement au fil des générations &amp;#8211 ; Conversation intergénérationnelle sur la crise climatique

<p>En décembre 2021, le Groupe de travail sur les filles, en collaboration avec ONU Femmes, a organisé un cercle mondial de conversation virtuel entre filles, dirigé par des filles et des filles de nos organisations membres. Simultanément, WGG a également invité les filles et les organisations travaillant dans le monde entier à organiser des cercles de conversation de filles locaux afin de garantir que les voix des filles qui ne pouvaient pas assister à l&#039;événement virtuel en direct soient incluses. Les filles ont discuté de leur point de vue sur le changement climatique et de ses effets sur leur vie. Ils connaissent les changements nécessaires et savent comment ils peuvent contribuer à la fois en tant que leaders et acteurs du changement.</p>
<p>Avant la CSW, nous avons demandé aux filles les sujets dont elles aimeraient discuter davantage et avec qui. Les sujets mentionnés étaient en corrélation avec les thèmes de la coalition d&#039;action du Forum Génération Égalité (FEM), en particulier sur le leadership féministe et la justice climatique. La majorité des personnes interrogées privilégient également un dialogue intergénérationnel permettant une écoute approfondie et une action collaborative. Les filles ont pris conscience de l&#039;importance pour les filles et les femmes qui subissent directement les effets du changement climatique d&#039;être présentes à l&#039;événement.</p>
<p>En réponse, le Groupe de travail sur les filles (WGG), travaillant en collaboration avec l&#039;ONG CSW, organisera un cercle de conversation intergénérationnel virtuel dirigé par des filles le 21 mars de 9h à 10h30, avec des filles, des jeunes adultes et des femmes. de nos organisations membres participantes.</p>
<p>Ces cercles de conversation dirigés par des filles rassembleront des filles et des femmes pour avoir un dialogue productif sur les thèmes suivants de la coalition d&#039;action du FEM dans le contexte du changement climatique et de la réduction des risques de catastrophe environnementale, de leur impact sur la vie des filles, d&#039;identifier les domaines d&#039;élaboration de politiques et les risques. réduction et à développer des méthodes de plaidoyer collaboratif au sein de leurs communautés et à l’échelle mondiale. En plus du plaidoyer, nous espérons offrir un espace pour le mentorat intergénérationnel.</p>
<p>Cliquez sur <a href="https://docs.google.com/forms/d/e/1FAIpQLSeJaSyiPFsGi0cuAzcmhZJYHseZ-DHbo2ui4CjDCX6ZJlAS6Q/viewform"><strong>ICI</strong></a> pour enregistrer votre intérêt à participer.</p>

<!-- This site is optimized with the Yoast SEO plugin v27.5 - https://yoast.com/product/yoast-seo-wordpress/ -->
<title>Building Greener Across Generations - Intergenerational Conversation on Climate Crisis - Institute of the Blessed Virgin Mary – Loreto</title>
<meta name="robots" content="index, follow, max-snippet:-1, max-image-preview:large, max-video-preview:-1" />
<link rel="canonical" href="https://ibvmunngo.org/fr/events/construire-de-maniere-plus-verte-dune-generation-a-lautre-conversation-intergenerationnelle-sur-la-crise-climatique/" />
<meta property="og:locale" content="fr_FR" />
<meta property="og:type" content="article" />
<meta property="og:title" content="Building Greener Across Generations - Intergenerational Conversation on Climate Crisis - Institute of the Blessed Virgin Mary – Loreto" />
<meta property="og:description" content="In December 2021 the Working Group on Girls in collaboration with UN Women hosted a live virtual Global Girls Conversation Circle for girls led by girls with girls from our member organizations. Simultaneously, WGG also invited girls and organizations working around the globe to host local Girls Conversation Circles to ensure that the voices of [&hellip;]" />
<meta property="og:url" content="https://ibvmunngo.org/fr/events/construire-de-maniere-plus-verte-dune-generation-a-lautre-conversation-intergenerationnelle-sur-la-crise-climatique/" />
<meta property="og:site_name" content="Institute of the Blessed Virgin Mary – Loreto" />
<meta property="article:modified_time" content="2022-03-04T16:44:52+00:00" />
<meta name="twitter:card" content="summary_large_image" />
<meta name="twitter:label1" content="Durée de lecture estimée" />
	<meta name="twitter:data1" content="2 minutes" />
<script type="application/ld+json" class="yoast-schema-graph">{"@context":"https:\/\/schema.org","@graph":[{"@type":"WebPage","@id":"https:\/\/ibvmunngo.org\/events\/building-greener-across-generations-intergenerational-conversation-on-climate-crisis\/","url":"https:\/\/ibvmunngo.org\/events\/building-greener-across-generations-intergenerational-conversation-on-climate-crisis\/","name":"Building Greener Across Generations - Intergenerational Conversation on Climate Crisis - Institute of the Blessed Virgin Mary – Loreto","isPartOf":{"@id":"https:\/\/ibvmunngo.org\/es\/#website"},"datePublished":"2022-03-04T16:44:25+00:00","dateModified":"2022-03-04T16:44:52+00:00","breadcrumb":{"@id":"https:\/\/ibvmunngo.org\/events\/building-greener-across-generations-intergenerational-conversation-on-climate-crisis\/#breadcrumb"},"inLanguage":"fr-FR","potentialAction":[{"@type":"ReadAction","target":["https:\/\/ibvmunngo.org\/events\/building-greener-across-generations-intergenerational-conversation-on-climate-crisis\/"]}]},{"@type":"BreadcrumbList","@id":"https:\/\/ibvmunngo.org\/events\/building-greener-across-generations-intergenerational-conversation-on-climate-crisis\/#breadcrumb","itemListElement":[{"@type":"ListItem","position":1,"name":"Home","item":"https:\/\/ibvmunngo.org\/es\/"},{"@type":"ListItem","position":2,"name":"Évenements","item":"https:\/\/ibvmunngo.org\/fr\/evenements\/"},{"@type":"ListItem","position":3,"name":"Building Greener Across Generations &#8211; Intergenerational Conversation on Climate Crisis"}]},{"@type":"WebSite","@id":"https:\/\/ibvmunngo.org\/es\/#website","url":"https:\/\/ibvmunngo.org\/es\/","name":"Institute of the Blessed Virgin Mary – Loreto","description":"NGO ASSOCIATED WITH ECOSOC AT THE UNITED NATIONS","publisher":{"@id":"https:\/\/ibvmunngo.org\/es\/#organization"},"potentialAction":[{"@type":"SearchAction","target":{"@type":"EntryPoint","urlTemplate":"https:\/\/ibvmunngo.org\/es\/?s={search_term_string}"},"query-input":{"@type":"PropertyValueSpecification","valueRequired":true,"valueName":"search_term_string"}}],"inLanguage":"fr-FR"},{"@type":"Organization","@id":"https:\/\/ibvmunngo.org\/es\/#organization","name":"Institute of the Blessed Virgin Mary – Loreto","url":"https:\/\/ibvmunngo.org\/es\/","logo":{"@type":"ImageObject","inLanguage":"fr-FR","@id":"https:\/\/ibvmunngo.org\/es\/#\/schema\/logo\/image\/","url":"https:\/\/ibvmunngo.org\/wp-content\/uploads\/2020\/10\/Logo_IBVM_UN_1.png","contentUrl":"https:\/\/ibvmunngo.org\/wp-content\/uploads\/2020\/10\/Logo_IBVM_UN_1.png","width":200,"height":144,"caption":"Institute of the Blessed Virgin Mary – Loreto"},"image":{"@id":"https:\/\/ibvmunngo.org\/es\/#\/schema\/logo\/image\/"}}]}</script>
<!-- / Yoast SEO plugin. -->

Construire plus vert à travers les générations - Conversation intergénérationnelle sur la crise climatique - Institut de la Bienheureuse Vierge Marie – Loreto

Évenements
