{"id":95489,"date":"2023-02-06T20:55:18","date_gmt":"2023-02-06T20:55:18","guid":{"rendered":"https:\/\/www.ibvmunngo.org\/?post_type=mec-events&#038;p=95489"},"modified":"2023-02-06T20:56:05","modified_gmt":"2023-02-06T20:56:05","slug":"journee-internationale-de-la-femme-2023-numerique","status":"publish","type":"mec-events","link":"https:\/\/ibvmunngo.org\/fr\/events\/journee-internationale-de-la-femme-2023-numerique\/","title":{"rendered":"Journ\u00e9e internationale de la femme 2023 &#8211; DigiTOUS"},"content":{"rendered":"<p>La Journ\u00e9e internationale de la femme en 2023 aura lieu lors de la 67e session de la Commission de la condition de la femme.<\/p>\n<p>La c\u00e9l\u00e9bration par les Nations Unies de la Journ\u00e9e internationale de la femme, sous le th\u00e8me \u00ab DigitALL : Innovation et technologie pour l&#039;\u00e9galit\u00e9 des sexes \u00bb, reconna\u00eet et c\u00e9l\u00e8bre les femmes et les filles qui d\u00e9fendent l&#039;avancement des technologies transformatrices et de l&#039;\u00e9ducation num\u00e9rique. Il explorera l&#039;impact de l&#039;\u00e9cart num\u00e9rique entre les sexes sur l&#039;aggravation des in\u00e9galit\u00e9s \u00e9conomiques et sociales, et mettra \u00e9galement en lumi\u00e8re l&#039;importance de prot\u00e9ger les droits des femmes et des filles dans les espaces num\u00e9riques et de lutter contre la violence sexiste en ligne et facilit\u00e9e par les TIC.<\/p>","protected":false},"excerpt":{"rendered":"<p>International Women&#8217;s Day in 2023 is happening during the 67th Session of the Commission on the Status of Women. The United Nations Observance of International Women&#8217;s Day, under the theme \u201cDigitALL: Innovation and technology for gender equality\u201d, recognizes and celebrates the women and girls who are championing the advancement of transformative technology and digital education. [&hellip;]<\/p>\n","protected":false},"author":11,"featured_media":0,"template":"","tags":[],"mec_category":[],"class_list":["post-95489","mec-events","type-mec-events","status-publish","hentry"],"yoast_head":"<!-- This site is optimized with the Yoast SEO plugin v27.3 - https:\/\/yoast.com\/product\/yoast-seo-wordpress\/ -->\n<title>International Women&#039;s Day 2023 - DigitALL - Institute of the Blessed Virgin Mary \u2013 Loreto<\/title>\n<meta name=\"robots\" content=\"index, follow, max-snippet:-1, max-image-preview:large, max-video-preview:-1\" \/>\n<link rel=\"canonical\" href=\"https:\/\/ibvmunngo.org\/fr\/events\/journee-internationale-de-la-femme-2023-numerique\/\" \/>\n<meta property=\"og:locale\" content=\"fr_FR\" \/>\n<meta property=\"og:type\" content=\"article\" \/>\n<meta property=\"og:title\" content=\"International Women&#039;s Day 2023 - DigitALL - Institute of the Blessed Virgin Mary \u2013 Loreto\" \/>\n<meta property=\"og:description\" content=\"International Women&#8217;s Day in 2023 is happening during the 67th Session of the Commission on the Status of Women. The United Nations Observance of International Women&#8217;s Day, under the theme \u201cDigitALL: Innovation and technology for gender equality\u201d, recognizes and celebrates the women and girls who are championing the advancement of transformative technology and digital education. [&hellip;]\" \/>\n<meta property=\"og:url\" content=\"https:\/\/ibvmunngo.org\/fr\/events\/journee-internationale-de-la-femme-2023-numerique\/\" \/>\n<meta property=\"og:site_name\" content=\"Institute of the Blessed Virgin Mary \u2013 Loreto\" \/>\n<meta property=\"article:modified_time\" content=\"2023-02-06T20:56:05+00:00\" \/>\n<meta name=\"twitter:card\" content=\"summary_large_image\" \/>\n<script type=\"application\/ld+json\" class=\"yoast-schema-graph\">{\"@context\":\"https:\\\/\\\/schema.org\",\"@graph\":[{\"@type\":\"WebPage\",\"@id\":\"https:\\\/\\\/ibvmunngo.org\\\/events\\\/international-womens-day-2023-digitall\\\/\",\"url\":\"https:\\\/\\\/ibvmunngo.org\\\/events\\\/international-womens-day-2023-digitall\\\/\",\"name\":\"International Women's Day 2023 - DigitALL - Institute of the Blessed Virgin Mary \u2013 Loreto\",\"isPartOf\":{\"@id\":\"https:\\\/\\\/ibvmunngo.org\\\/es\\\/#website\"},\"datePublished\":\"2023-02-06T20:55:18+00:00\",\"dateModified\":\"2023-02-06T20:56:05+00:00\",\"breadcrumb\":{\"@id\":\"https:\\\/\\\/ibvmunngo.org\\\/events\\\/international-womens-day-2023-digitall\\\/#breadcrumb\"},\"inLanguage\":\"fr-FR\",\"potentialAction\":[{\"@type\":\"ReadAction\",\"target\":[\"https:\\\/\\\/ibvmunngo.org\\\/events\\\/international-womens-day-2023-digitall\\\/\"]}]},{\"@type\":\"BreadcrumbList\",\"@id\":\"https:\\\/\\\/ibvmunngo.org\\\/events\\\/international-womens-day-2023-digitall\\\/#breadcrumb\",\"itemListElement\":[{\"@type\":\"ListItem\",\"position\":1,\"name\":\"Home\",\"item\":\"https:\\\/\\\/ibvmunngo.org\\\/es\\\/\"},{\"@type\":\"ListItem\",\"position\":2,\"name\":\"\u00c9venements\",\"item\":\"https:\\\/\\\/ibvmunngo.org\\\/fr\\\/evenements\\\/\"},{\"@type\":\"ListItem\",\"position\":3,\"name\":\"International Women&#8217;s Day 2023 &#8211; DigitALL\"}]},{\"@type\":\"WebSite\",\"@id\":\"https:\\\/\\\/ibvmunngo.org\\\/es\\\/#website\",\"url\":\"https:\\\/\\\/ibvmunngo.org\\\/es\\\/\",\"name\":\"Institute of the Blessed Virgin Mary \u2013 Loreto\",\"description\":\"NGO ASSOCIATED WITH ECOSOC AT THE UNITED NATIONS\",\"publisher\":{\"@id\":\"https:\\\/\\\/ibvmunngo.org\\\/es\\\/#organization\"},\"potentialAction\":[{\"@type\":\"SearchAction\",\"target\":{\"@type\":\"EntryPoint\",\"urlTemplate\":\"https:\\\/\\\/ibvmunngo.org\\\/es\\\/?s={search_term_string}\"},\"query-input\":{\"@type\":\"PropertyValueSpecification\",\"valueRequired\":true,\"valueName\":\"search_term_string\"}}],\"inLanguage\":\"fr-FR\"},{\"@type\":\"Organization\",\"@id\":\"https:\\\/\\\/ibvmunngo.org\\\/es\\\/#organization\",\"name\":\"Institute of the Blessed Virgin Mary \u2013 Loreto\",\"url\":\"https:\\\/\\\/ibvmunngo.org\\\/es\\\/\",\"logo\":{\"@type\":\"ImageObject\",\"inLanguage\":\"fr-FR\",\"@id\":\"https:\\\/\\\/ibvmunngo.org\\\/es\\\/#\\\/schema\\\/logo\\\/image\\\/\",\"url\":\"https:\\\/\\\/ibvmunngo.org\\\/wp-content\\\/uploads\\\/2020\\\/10\\\/Logo_IBVM_UN_1.png\",\"contentUrl\":\"https:\\\/\\\/ibvmunngo.org\\\/wp-content\\\/uploads\\\/2020\\\/10\\\/Logo_IBVM_UN_1.png\",\"width\":200,\"height\":144,\"caption\":\"Institute of the Blessed Virgin Mary \u2013 Loreto\"},\"image\":{\"@id\":\"https:\\\/\\\/ibvmunngo.org\\\/es\\\/#\\\/schema\\\/logo\\\/image\\\/\"}}]}<\/script>\n<!-- \/ Yoast SEO plugin. -->","yoast_head_json":{"title":"Journ\u00e9e internationale de la femme 2023 - DigitALL - Institut de la Bienheureuse Vierge Marie \u2013 Loreto","robots":{"index":"index","follow":"follow","max-snippet":"max-snippet:-1","max-image-preview":"max-image-preview:large","max-video-preview":"max-video-preview:-1"},"canonical":"https:\/\/ibvmunngo.org\/fr\/events\/journee-internationale-de-la-femme-2023-numerique\/","og_locale":"fr_FR","og_type":"article","og_title":"International Women's Day 2023 - DigitALL - Institute of the Blessed Virgin Mary \u2013 Loreto","og_description":"International Women&#8217;s Day in 2023 is happening during the 67th Session of the Commission on the Status of Women. The United Nations Observance of International Women&#8217;s Day, under the theme \u201cDigitALL: Innovation and technology for gender equality\u201d, recognizes and celebrates the women and girls who are championing the advancement of transformative technology and digital education. [&hellip;]","og_url":"https:\/\/ibvmunngo.org\/fr\/events\/journee-internationale-de-la-femme-2023-numerique\/","og_site_name":"Institute of the Blessed Virgin Mary \u2013 Loreto","article_modified_time":"2023-02-06T20:56:05+00:00","twitter_card":"summary_large_image","schema":{"@context":"https:\/\/schema.org","@graph":[{"@type":"WebPage","@id":"https:\/\/ibvmunngo.org\/events\/international-womens-day-2023-digitall\/","url":"https:\/\/ibvmunngo.org\/events\/international-womens-day-2023-digitall\/","name":"Journ\u00e9e internationale de la femme 2023 - DigitALL - Institut de la Bienheureuse Vierge Marie \u2013 Loreto","isPartOf":{"@id":"https:\/\/ibvmunngo.org\/es\/#website"},"datePublished":"2023-02-06T20:55:18+00:00","dateModified":"2023-02-06T20:56:05+00:00","breadcrumb":{"@id":"https:\/\/ibvmunngo.org\/events\/international-womens-day-2023-digitall\/#breadcrumb"},"inLanguage":"fr-FR","potentialAction":[{"@type":"ReadAction","target":["https:\/\/ibvmunngo.org\/events\/international-womens-day-2023-digitall\/"]}]},{"@type":"BreadcrumbList","@id":"https:\/\/ibvmunngo.org\/events\/international-womens-day-2023-digitall\/#breadcrumb","itemListElement":[{"@type":"ListItem","position":1,"name":"Home","item":"https:\/\/ibvmunngo.org\/es\/"},{"@type":"ListItem","position":2,"name":"\u00c9venements","item":"https:\/\/ibvmunngo.org\/fr\/evenements\/"},{"@type":"ListItem","position":3,"name":"International Women&#8217;s Day 2023 &#8211; DigitALL"}]},{"@type":"WebSite","@id":"https:\/\/ibvmunngo.org\/es\/#website","url":"https:\/\/ibvmunngo.org\/es\/","name":"Institut de la Bienheureuse Vierge Marie \u2013 Lorette","description":"ONG ASSOCIEE A L&#039;ECOSOC AUX NATIONS UNIES","publisher":{"@id":"https:\/\/ibvmunngo.org\/es\/#organization"},"potentialAction":[{"@type":"SearchAction","target":{"@type":"EntryPoint","urlTemplate":"https:\/\/ibvmunngo.org\/es\/?s={search_term_string}"},"query-input":{"@type":"PropertyValueSpecification","valueRequired":true,"valueName":"search_term_string"}}],"inLanguage":"fr-FR"},{"@type":"Organization","@id":"https:\/\/ibvmunngo.org\/es\/#organization","name":"Institut de la Bienheureuse Vierge Marie \u2013 Lorette","url":"https:\/\/ibvmunngo.org\/es\/","logo":{"@type":"ImageObject","inLanguage":"fr-FR","@id":"https:\/\/ibvmunngo.org\/es\/#\/schema\/logo\/image\/","url":"https:\/\/ibvmunngo.org\/wp-content\/uploads\/2020\/10\/Logo_IBVM_UN_1.png","contentUrl":"https:\/\/ibvmunngo.org\/wp-content\/uploads\/2020\/10\/Logo_IBVM_UN_1.png","width":200,"height":144,"caption":"Institute of the Blessed Virgin Mary \u2013 Loreto"},"image":{"@id":"https:\/\/ibvmunngo.org\/es\/#\/schema\/logo\/image\/"}}]}},"_links":{"self":[{"href":"https:\/\/ibvmunngo.org\/fr\/wp-json\/wp\/v2\/mec-events\/95489","targetHints":{"allow":["GET"]}}],"collection":[{"href":"https:\/\/ibvmunngo.org\/fr\/wp-json\/wp\/v2\/mec-events"}],"about":[{"href":"https:\/\/ibvmunngo.org\/fr\/wp-json\/wp\/v2\/types\/mec-events"}],"author":[{"embeddable":true,"href":"https:\/\/ibvmunngo.org\/fr\/wp-json\/wp\/v2\/users\/11"}],"wp:attachment":[{"href":"https:\/\/ibvmunngo.org\/fr\/wp-json\/wp\/v2\/media?parent=95489"}],"wp:term":[{"taxonomy":"post_tag","embeddable":true,"href":"https:\/\/ibvmunngo.org\/fr\/wp-json\/wp\/v2\/tags?post=95489"},{"taxonomy":"mec_category","embeddable":true,"href":"https:\/\/ibvmunngo.org\/fr\/wp-json\/wp\/v2\/mec_category?post=95489"}],"curies":[{"name":"wp","href":"https:\/\/api.w.org\/{rel}","templated":true}]}}

Journée internationale de la femme 2023 &#8211; DigiTOUS

<p>La Journée internationale de la femme en 2023 aura lieu lors de la 67e session de la Commission de la condition de la femme.</p>
<p>La célébration par les Nations Unies de la Journée internationale de la femme, sous le thème « DigitALL : Innovation et technologie pour l&#039;égalité des sexes », reconnaît et célèbre les femmes et les filles qui défendent l&#039;avancement des technologies transformatrices et de l&#039;éducation numérique. Il explorera l&#039;impact de l&#039;écart numérique entre les sexes sur l&#039;aggravation des inégalités économiques et sociales, et mettra également en lumière l&#039;importance de protéger les droits des femmes et des filles dans les espaces numériques et de lutter contre la violence sexiste en ligne et facilitée par les TIC.</p>

<!-- This site is optimized with the Yoast SEO plugin v27.3 - https://yoast.com/product/yoast-seo-wordpress/ -->
<title>International Women&#039;s Day 2023 - DigitALL - Institute of the Blessed Virgin Mary – Loreto</title>
<meta name="robots" content="index, follow, max-snippet:-1, max-image-preview:large, max-video-preview:-1" />
<link rel="canonical" href="https://ibvmunngo.org/fr/events/journee-internationale-de-la-femme-2023-numerique/" />
<meta property="og:locale" content="fr_FR" />
<meta property="og:type" content="article" />
<meta property="og:title" content="International Women&#039;s Day 2023 - DigitALL - Institute of the Blessed Virgin Mary – Loreto" />
<meta property="og:description" content="International Women&#8217;s Day in 2023 is happening during the 67th Session of the Commission on the Status of Women. The United Nations Observance of International Women&#8217;s Day, under the theme “DigitALL: Innovation and technology for gender equality”, recognizes and celebrates the women and girls who are championing the advancement of transformative technology and digital education. [&hellip;]" />
<meta property="og:url" content="https://ibvmunngo.org/fr/events/journee-internationale-de-la-femme-2023-numerique/" />
<meta property="og:site_name" content="Institute of the Blessed Virgin Mary – Loreto" />
<meta property="article:modified_time" content="2023-02-06T20:56:05+00:00" />
<meta name="twitter:card" content="summary_large_image" />
<script type="application/ld+json" class="yoast-schema-graph">{"@context":"https:\/\/schema.org","@graph":[{"@type":"WebPage","@id":"https:\/\/ibvmunngo.org\/events\/international-womens-day-2023-digitall\/","url":"https:\/\/ibvmunngo.org\/events\/international-womens-day-2023-digitall\/","name":"International Women's Day 2023 - DigitALL - Institute of the Blessed Virgin Mary – Loreto","isPartOf":{"@id":"https:\/\/ibvmunngo.org\/es\/#website"},"datePublished":"2023-02-06T20:55:18+00:00","dateModified":"2023-02-06T20:56:05+00:00","breadcrumb":{"@id":"https:\/\/ibvmunngo.org\/events\/international-womens-day-2023-digitall\/#breadcrumb"},"inLanguage":"fr-FR","potentialAction":[{"@type":"ReadAction","target":["https:\/\/ibvmunngo.org\/events\/international-womens-day-2023-digitall\/"]}]},{"@type":"BreadcrumbList","@id":"https:\/\/ibvmunngo.org\/events\/international-womens-day-2023-digitall\/#breadcrumb","itemListElement":[{"@type":"ListItem","position":1,"name":"Home","item":"https:\/\/ibvmunngo.org\/es\/"},{"@type":"ListItem","position":2,"name":"Évenements","item":"https:\/\/ibvmunngo.org\/fr\/evenements\/"},{"@type":"ListItem","position":3,"name":"International Women&#8217;s Day 2023 &#8211; DigitALL"}]},{"@type":"WebSite","@id":"https:\/\/ibvmunngo.org\/es\/#website","url":"https:\/\/ibvmunngo.org\/es\/","name":"Institute of the Blessed Virgin Mary – Loreto","description":"NGO ASSOCIATED WITH ECOSOC AT THE UNITED NATIONS","publisher":{"@id":"https:\/\/ibvmunngo.org\/es\/#organization"},"potentialAction":[{"@type":"SearchAction","target":{"@type":"EntryPoint","urlTemplate":"https:\/\/ibvmunngo.org\/es\/?s={search_term_string}"},"query-input":{"@type":"PropertyValueSpecification","valueRequired":true,"valueName":"search_term_string"}}],"inLanguage":"fr-FR"},{"@type":"Organization","@id":"https:\/\/ibvmunngo.org\/es\/#organization","name":"Institute of the Blessed Virgin Mary – Loreto","url":"https:\/\/ibvmunngo.org\/es\/","logo":{"@type":"ImageObject","inLanguage":"fr-FR","@id":"https:\/\/ibvmunngo.org\/es\/#\/schema\/logo\/image\/","url":"https:\/\/ibvmunngo.org\/wp-content\/uploads\/2020\/10\/Logo_IBVM_UN_1.png","contentUrl":"https:\/\/ibvmunngo.org\/wp-content\/uploads\/2020\/10\/Logo_IBVM_UN_1.png","width":200,"height":144,"caption":"Institute of the Blessed Virgin Mary – Loreto"},"image":{"@id":"https:\/\/ibvmunngo.org\/es\/#\/schema\/logo\/image\/"}}]}</script>
<!-- / Yoast SEO plugin. -->

Journée internationale de la femme 2023 - DigitALL - Institut de la Bienheureuse Vierge Marie – Loreto

Évenements
