{"id":69136,"date":"2022-03-04T16:44:25","date_gmt":"2022-03-04T16:44:25","guid":{"rendered":"https:\/\/www.ibvmunngo.org\/?post_type=mec-events&#038;p=69136"},"modified":"2022-03-04T16:44:52","modified_gmt":"2022-03-04T16:44:52","slug":"construindo-um-dialogo-intergeracional-mais-ecologico-entre-geracoes-sobre-a-crise-climatica","status":"publish","type":"mec-events","link":"https:\/\/ibvmunngo.org\/pt\/events\/construindo-um-dialogo-intergeracional-mais-ecologico-entre-geracoes-sobre-a-crise-climatica\/","title":{"rendered":"Construindo de forma mais ecol\u00f3gica entre gera\u00e7\u00f5es &#8211; Conversa Intergeracional sobre a Crise Clim\u00e1tica"},"content":{"rendered":"<p>Em dezembro de 2021, o Grupo de Trabalho sobre Raparigas, em colabora\u00e7\u00e3o com a ONU Mulheres, organizou um C\u00edrculo Global de Conversa\u00e7\u00e3o de Raparigas virtual ao vivo para raparigas, liderado por raparigas com raparigas das nossas organiza\u00e7\u00f5es membros. Simultaneamente, o WGG tamb\u00e9m convidou meninas e organiza\u00e7\u00f5es que trabalham em todo o mundo para organizar C\u00edrculos de Conversa\u00e7\u00e3o de Meninas locais para garantir que as vozes das meninas que n\u00e3o puderam participar do evento virtual ao vivo fossem inclu\u00eddas. As raparigas discutiram a sua perspectiva sobre as altera\u00e7\u00f5es clim\u00e1ticas e os efeitos nas suas vidas. Eles conhecem as mudan\u00e7as que s\u00e3o necess\u00e1rias e como podem contribuir tanto como l\u00edderes como como agentes de mudan\u00e7a.<\/p>\n<p>Antes da CSW, perguntamos \u00e0s meninas quais t\u00f3picos elas gostariam de discutir mais a fundo e com quem. Os t\u00f3picos mencionados estavam correlacionados com os Temas da Coliga\u00e7\u00e3o de Ac\u00e7\u00e3o do F\u00f3rum Gera\u00e7\u00e3o Igualdade (GEF), particularmente sobre lideran\u00e7a feminista e justi\u00e7a clim\u00e1tica. A maioria dos entrevistados tamb\u00e9m preferiu um di\u00e1logo intergeracional para permitir uma escuta profunda e uma a\u00e7\u00e3o colaborativa. Houve uma consciencializa\u00e7\u00e3o entre as raparigas sobre a import\u00e2ncia de as raparigas e mulheres que sofrem directamente os efeitos das altera\u00e7\u00f5es clim\u00e1ticas estarem presentes no evento.<\/p>\n<p>Em resposta, o Grupo de Trabalho sobre Meninas (WGG), trabalhando em colabora\u00e7\u00e3o com a ONG CSW, realizar\u00e1 um C\u00edrculo de Conversa intergeracional global liderado por meninas, ao vivo, no dia 21 de mar\u00e7o, das 9h \u00e0s 10h30, com meninas, jovens adultos e mulheres. de nossas organiza\u00e7\u00f5es membros participantes.<\/p>\n<p>Estes C\u00edrculos de Conversa liderados por meninas reunir\u00e3o meninas e mulheres para terem um di\u00e1logo produtivo sobre os seguintes Temas da Coaliz\u00e3o de A\u00e7\u00e3o do GEF no contexto das mudan\u00e7as clim\u00e1ticas e redu\u00e7\u00e3o do risco de desastres ambientais, seu impacto na vida das meninas, identificar \u00e1reas para desenvolvimento de pol\u00edticas e risco redu\u00e7\u00e3o, e desenvolver m\u00e9todos para advocacia colaborativa dentro das suas comunidades e a n\u00edvel global. Al\u00e9m da defesa de direitos, esperamos oferecer espa\u00e7o para orienta\u00e7\u00e3o intergeracional.<\/p>\n<p>Clique <a href=\"https:\/\/docs.google.com\/forms\/d\/e\/1FAIpQLSeJaSyiPFsGi0cuAzcmhZJYHseZ-DHbo2ui4CjDCX6ZJlAS6Q\/viewform\"><strong>AQUI<\/strong><\/a> para registrar seu interesse em participar.<\/p>","protected":false},"excerpt":{"rendered":"<p>In December 2021 the Working Group on Girls in collaboration with UN Women hosted a live virtual Global Girls Conversation Circle for girls led by girls with girls from our member organizations. Simultaneously, WGG also invited girls and organizations working around the globe to host local Girls Conversation Circles to ensure that the voices of [&hellip;]<\/p>\n","protected":false},"author":6,"featured_media":0,"template":"","tags":[],"mec_category":[],"class_list":["post-69136","mec-events","type-mec-events","status-publish","hentry"],"yoast_head":"<!-- This site is optimized with the Yoast SEO plugin v27.5 - https:\/\/yoast.com\/product\/yoast-seo-wordpress\/ -->\n<title>Building Greener Across Generations - Intergenerational Conversation on Climate Crisis - Institute of the Blessed Virgin Mary \u2013 Loreto<\/title>\n<meta name=\"robots\" content=\"index, follow, max-snippet:-1, max-image-preview:large, max-video-preview:-1\" \/>\n<link rel=\"canonical\" href=\"https:\/\/ibvmunngo.org\/pt\/events\/construindo-um-dialogo-intergeracional-mais-ecologico-entre-geracoes-sobre-a-crise-climatica\/\" \/>\n<meta property=\"og:locale\" content=\"pt_BR\" \/>\n<meta property=\"og:type\" content=\"article\" \/>\n<meta property=\"og:title\" content=\"Building Greener Across Generations - Intergenerational Conversation on Climate Crisis - Institute of the Blessed Virgin Mary \u2013 Loreto\" \/>\n<meta property=\"og:description\" content=\"In December 2021 the Working Group on Girls in collaboration with UN Women hosted a live virtual Global Girls Conversation Circle for girls led by girls with girls from our member organizations. Simultaneously, WGG also invited girls and organizations working around the globe to host local Girls Conversation Circles to ensure that the voices of [&hellip;]\" \/>\n<meta property=\"og:url\" content=\"https:\/\/ibvmunngo.org\/pt\/events\/construindo-um-dialogo-intergeracional-mais-ecologico-entre-geracoes-sobre-a-crise-climatica\/\" \/>\n<meta property=\"og:site_name\" content=\"Institute of the Blessed Virgin Mary \u2013 Loreto\" \/>\n<meta property=\"article:modified_time\" content=\"2022-03-04T16:44:52+00:00\" \/>\n<meta name=\"twitter:card\" content=\"summary_large_image\" \/>\n<meta name=\"twitter:label1\" content=\"Est. tempo de leitura\" \/>\n\t<meta name=\"twitter:data1\" content=\"2 minutos\" \/>\n<script type=\"application\/ld+json\" class=\"yoast-schema-graph\">{\"@context\":\"https:\\\/\\\/schema.org\",\"@graph\":[{\"@type\":\"WebPage\",\"@id\":\"https:\\\/\\\/ibvmunngo.org\\\/events\\\/building-greener-across-generations-intergenerational-conversation-on-climate-crisis\\\/\",\"url\":\"https:\\\/\\\/ibvmunngo.org\\\/events\\\/building-greener-across-generations-intergenerational-conversation-on-climate-crisis\\\/\",\"name\":\"Building Greener Across Generations - Intergenerational Conversation on Climate Crisis - Institute of the Blessed Virgin Mary \u2013 Loreto\",\"isPartOf\":{\"@id\":\"https:\\\/\\\/ibvmunngo.org\\\/es\\\/#website\"},\"datePublished\":\"2022-03-04T16:44:25+00:00\",\"dateModified\":\"2022-03-04T16:44:52+00:00\",\"breadcrumb\":{\"@id\":\"https:\\\/\\\/ibvmunngo.org\\\/events\\\/building-greener-across-generations-intergenerational-conversation-on-climate-crisis\\\/#breadcrumb\"},\"inLanguage\":\"pt-BR\",\"potentialAction\":[{\"@type\":\"ReadAction\",\"target\":[\"https:\\\/\\\/ibvmunngo.org\\\/events\\\/building-greener-across-generations-intergenerational-conversation-on-climate-crisis\\\/\"]}]},{\"@type\":\"BreadcrumbList\",\"@id\":\"https:\\\/\\\/ibvmunngo.org\\\/events\\\/building-greener-across-generations-intergenerational-conversation-on-climate-crisis\\\/#breadcrumb\",\"itemListElement\":[{\"@type\":\"ListItem\",\"position\":1,\"name\":\"Home\",\"item\":\"https:\\\/\\\/ibvmunngo.org\\\/es\\\/\"},{\"@type\":\"ListItem\",\"position\":2,\"name\":\"\u00c9venements\",\"item\":\"https:\\\/\\\/ibvmunngo.org\\\/fr\\\/evenements\\\/\"},{\"@type\":\"ListItem\",\"position\":3,\"name\":\"Building Greener Across Generations &#8211; Intergenerational Conversation on Climate Crisis\"}]},{\"@type\":\"WebSite\",\"@id\":\"https:\\\/\\\/ibvmunngo.org\\\/es\\\/#website\",\"url\":\"https:\\\/\\\/ibvmunngo.org\\\/es\\\/\",\"name\":\"Institute of the Blessed Virgin Mary \u2013 Loreto\",\"description\":\"NGO ASSOCIATED WITH ECOSOC AT THE UNITED NATIONS\",\"publisher\":{\"@id\":\"https:\\\/\\\/ibvmunngo.org\\\/es\\\/#organization\"},\"potentialAction\":[{\"@type\":\"SearchAction\",\"target\":{\"@type\":\"EntryPoint\",\"urlTemplate\":\"https:\\\/\\\/ibvmunngo.org\\\/es\\\/?s={search_term_string}\"},\"query-input\":{\"@type\":\"PropertyValueSpecification\",\"valueRequired\":true,\"valueName\":\"search_term_string\"}}],\"inLanguage\":\"pt-BR\"},{\"@type\":\"Organization\",\"@id\":\"https:\\\/\\\/ibvmunngo.org\\\/es\\\/#organization\",\"name\":\"Institute of the Blessed Virgin Mary \u2013 Loreto\",\"url\":\"https:\\\/\\\/ibvmunngo.org\\\/es\\\/\",\"logo\":{\"@type\":\"ImageObject\",\"inLanguage\":\"pt-BR\",\"@id\":\"https:\\\/\\\/ibvmunngo.org\\\/es\\\/#\\\/schema\\\/logo\\\/image\\\/\",\"url\":\"https:\\\/\\\/ibvmunngo.org\\\/wp-content\\\/uploads\\\/2020\\\/10\\\/Logo_IBVM_UN_1.png\",\"contentUrl\":\"https:\\\/\\\/ibvmunngo.org\\\/wp-content\\\/uploads\\\/2020\\\/10\\\/Logo_IBVM_UN_1.png\",\"width\":200,\"height\":144,\"caption\":\"Institute of the Blessed Virgin Mary \u2013 Loreto\"},\"image\":{\"@id\":\"https:\\\/\\\/ibvmunngo.org\\\/es\\\/#\\\/schema\\\/logo\\\/image\\\/\"}}]}<\/script>\n<!-- \/ Yoast SEO plugin. -->","yoast_head_json":{"title":"Construindo de forma mais verde entre gera\u00e7\u00f5es - Conversa Intergeracional sobre a Crise Clim\u00e1tica - Instituto da Bem-Aventurada Virgem Maria \u2013 Loreto","robots":{"index":"index","follow":"follow","max-snippet":"max-snippet:-1","max-image-preview":"max-image-preview:large","max-video-preview":"max-video-preview:-1"},"canonical":"https:\/\/ibvmunngo.org\/pt\/events\/construindo-um-dialogo-intergeracional-mais-ecologico-entre-geracoes-sobre-a-crise-climatica\/","og_locale":"pt_BR","og_type":"article","og_title":"Building Greener Across Generations - Intergenerational Conversation on Climate Crisis - Institute of the Blessed Virgin Mary \u2013 Loreto","og_description":"In December 2021 the Working Group on Girls in collaboration with UN Women hosted a live virtual Global Girls Conversation Circle for girls led by girls with girls from our member organizations. Simultaneously, WGG also invited girls and organizations working around the globe to host local Girls Conversation Circles to ensure that the voices of [&hellip;]","og_url":"https:\/\/ibvmunngo.org\/pt\/events\/construindo-um-dialogo-intergeracional-mais-ecologico-entre-geracoes-sobre-a-crise-climatica\/","og_site_name":"Institute of the Blessed Virgin Mary \u2013 Loreto","article_modified_time":"2022-03-04T16:44:52+00:00","twitter_card":"summary_large_image","twitter_misc":{"Est. tempo de leitura":"2 minutos"},"schema":{"@context":"https:\/\/schema.org","@graph":[{"@type":"WebPage","@id":"https:\/\/ibvmunngo.org\/events\/building-greener-across-generations-intergenerational-conversation-on-climate-crisis\/","url":"https:\/\/ibvmunngo.org\/events\/building-greener-across-generations-intergenerational-conversation-on-climate-crisis\/","name":"Construindo de forma mais verde entre gera\u00e7\u00f5es - Conversa Intergeracional sobre a Crise Clim\u00e1tica - Instituto da Bem-Aventurada Virgem Maria \u2013 Loreto","isPartOf":{"@id":"https:\/\/ibvmunngo.org\/es\/#website"},"datePublished":"2022-03-04T16:44:25+00:00","dateModified":"2022-03-04T16:44:52+00:00","breadcrumb":{"@id":"https:\/\/ibvmunngo.org\/events\/building-greener-across-generations-intergenerational-conversation-on-climate-crisis\/#breadcrumb"},"inLanguage":"pt-BR","potentialAction":[{"@type":"ReadAction","target":["https:\/\/ibvmunngo.org\/events\/building-greener-across-generations-intergenerational-conversation-on-climate-crisis\/"]}]},{"@type":"BreadcrumbList","@id":"https:\/\/ibvmunngo.org\/events\/building-greener-across-generations-intergenerational-conversation-on-climate-crisis\/#breadcrumb","itemListElement":[{"@type":"ListItem","position":1,"name":"Home","item":"https:\/\/ibvmunngo.org\/es\/"},{"@type":"ListItem","position":2,"name":"\u00c9venements","item":"https:\/\/ibvmunngo.org\/fr\/evenements\/"},{"@type":"ListItem","position":3,"name":"Building Greener Across Generations &#8211; Intergenerational Conversation on Climate Crisis"}]},{"@type":"WebSite","@id":"https:\/\/ibvmunngo.org\/es\/#website","url":"https:\/\/ibvmunngo.org\/es\/","name":"Instituto da Bem-Aventurada Virgem Maria \u2013 Loreto","description":"ONG ASSOCIADA AO ECOSOC NAS NA\u00c7\u00d5ES UNIDAS","publisher":{"@id":"https:\/\/ibvmunngo.org\/es\/#organization"},"potentialAction":[{"@type":"SearchAction","target":{"@type":"EntryPoint","urlTemplate":"https:\/\/ibvmunngo.org\/es\/?s={search_term_string}"},"query-input":{"@type":"PropertyValueSpecification","valueRequired":true,"valueName":"search_term_string"}}],"inLanguage":"pt-BR"},{"@type":"Organization","@id":"https:\/\/ibvmunngo.org\/es\/#organization","name":"Instituto da Bem-Aventurada Virgem Maria \u2013 Loreto","url":"https:\/\/ibvmunngo.org\/es\/","logo":{"@type":"ImageObject","inLanguage":"pt-BR","@id":"https:\/\/ibvmunngo.org\/es\/#\/schema\/logo\/image\/","url":"https:\/\/ibvmunngo.org\/wp-content\/uploads\/2020\/10\/Logo_IBVM_UN_1.png","contentUrl":"https:\/\/ibvmunngo.org\/wp-content\/uploads\/2020\/10\/Logo_IBVM_UN_1.png","width":200,"height":144,"caption":"Institute of the Blessed Virgin Mary \u2013 Loreto"},"image":{"@id":"https:\/\/ibvmunngo.org\/es\/#\/schema\/logo\/image\/"}}]}},"_links":{"self":[{"href":"https:\/\/ibvmunngo.org\/pt\/wp-json\/wp\/v2\/mec-events\/69136","targetHints":{"allow":["GET"]}}],"collection":[{"href":"https:\/\/ibvmunngo.org\/pt\/wp-json\/wp\/v2\/mec-events"}],"about":[{"href":"https:\/\/ibvmunngo.org\/pt\/wp-json\/wp\/v2\/types\/mec-events"}],"author":[{"embeddable":true,"href":"https:\/\/ibvmunngo.org\/pt\/wp-json\/wp\/v2\/users\/6"}],"wp:attachment":[{"href":"https:\/\/ibvmunngo.org\/pt\/wp-json\/wp\/v2\/media?parent=69136"}],"wp:term":[{"taxonomy":"post_tag","embeddable":true,"href":"https:\/\/ibvmunngo.org\/pt\/wp-json\/wp\/v2\/tags?post=69136"},{"taxonomy":"mec_category","embeddable":true,"href":"https:\/\/ibvmunngo.org\/pt\/wp-json\/wp\/v2\/mec_category?post=69136"}],"curies":[{"name":"wp","href":"https:\/\/api.w.org\/{rel}","templated":true}]}}

Construindo de forma mais ecológica entre gerações &#8211; Conversa Intergeracional sobre a Crise Climática

<p>Em dezembro de 2021, o Grupo de Trabalho sobre Raparigas, em colaboração com a ONU Mulheres, organizou um Círculo Global de Conversação de Raparigas virtual ao vivo para raparigas, liderado por raparigas com raparigas das nossas organizações membros. Simultaneamente, o WGG também convidou meninas e organizações que trabalham em todo o mundo para organizar Círculos de Conversação de Meninas locais para garantir que as vozes das meninas que não puderam participar do evento virtual ao vivo fossem incluídas. As raparigas discutiram a sua perspectiva sobre as alterações climáticas e os efeitos nas suas vidas. Eles conhecem as mudanças que são necessárias e como podem contribuir tanto como líderes como como agentes de mudança.</p>
<p>Antes da CSW, perguntamos às meninas quais tópicos elas gostariam de discutir mais a fundo e com quem. Os tópicos mencionados estavam correlacionados com os Temas da Coligação de Acção do Fórum Geração Igualdade (GEF), particularmente sobre liderança feminista e justiça climática. A maioria dos entrevistados também preferiu um diálogo intergeracional para permitir uma escuta profunda e uma ação colaborativa. Houve uma consciencialização entre as raparigas sobre a importância de as raparigas e mulheres que sofrem directamente os efeitos das alterações climáticas estarem presentes no evento.</p>
<p>Em resposta, o Grupo de Trabalho sobre Meninas (WGG), trabalhando em colaboração com a ONG CSW, realizará um Círculo de Conversa intergeracional global liderado por meninas, ao vivo, no dia 21 de março, das 9h às 10h30, com meninas, jovens adultos e mulheres. de nossas organizações membros participantes.</p>
<p>Estes Círculos de Conversa liderados por meninas reunirão meninas e mulheres para terem um diálogo produtivo sobre os seguintes Temas da Coalizão de Ação do GEF no contexto das mudanças climáticas e redução do risco de desastres ambientais, seu impacto na vida das meninas, identificar áreas para desenvolvimento de políticas e risco redução, e desenvolver métodos para advocacia colaborativa dentro das suas comunidades e a nível global. Além da defesa de direitos, esperamos oferecer espaço para orientação intergeracional.</p>
<p>Clique <a href="https://docs.google.com/forms/d/e/1FAIpQLSeJaSyiPFsGi0cuAzcmhZJYHseZ-DHbo2ui4CjDCX6ZJlAS6Q/viewform"><strong>AQUI</strong></a> para registrar seu interesse em participar.</p>

<!-- This site is optimized with the Yoast SEO plugin v27.5 - https://yoast.com/product/yoast-seo-wordpress/ -->
<title>Building Greener Across Generations - Intergenerational Conversation on Climate Crisis - Institute of the Blessed Virgin Mary – Loreto</title>
<meta name="robots" content="index, follow, max-snippet:-1, max-image-preview:large, max-video-preview:-1" />
<link rel="canonical" href="https://ibvmunngo.org/pt/events/construindo-um-dialogo-intergeracional-mais-ecologico-entre-geracoes-sobre-a-crise-climatica/" />
<meta property="og:locale" content="pt_BR" />
<meta property="og:type" content="article" />
<meta property="og:title" content="Building Greener Across Generations - Intergenerational Conversation on Climate Crisis - Institute of the Blessed Virgin Mary – Loreto" />
<meta property="og:description" content="In December 2021 the Working Group on Girls in collaboration with UN Women hosted a live virtual Global Girls Conversation Circle for girls led by girls with girls from our member organizations. Simultaneously, WGG also invited girls and organizations working around the globe to host local Girls Conversation Circles to ensure that the voices of [&hellip;]" />
<meta property="og:url" content="https://ibvmunngo.org/pt/events/construindo-um-dialogo-intergeracional-mais-ecologico-entre-geracoes-sobre-a-crise-climatica/" />
<meta property="og:site_name" content="Institute of the Blessed Virgin Mary – Loreto" />
<meta property="article:modified_time" content="2022-03-04T16:44:52+00:00" />
<meta name="twitter:card" content="summary_large_image" />
<meta name="twitter:label1" content="Est. tempo de leitura" />
	<meta name="twitter:data1" content="2 minutos" />
<script type="application/ld+json" class="yoast-schema-graph">{"@context":"https:\/\/schema.org","@graph":[{"@type":"WebPage","@id":"https:\/\/ibvmunngo.org\/events\/building-greener-across-generations-intergenerational-conversation-on-climate-crisis\/","url":"https:\/\/ibvmunngo.org\/events\/building-greener-across-generations-intergenerational-conversation-on-climate-crisis\/","name":"Building Greener Across Generations - Intergenerational Conversation on Climate Crisis - Institute of the Blessed Virgin Mary – Loreto","isPartOf":{"@id":"https:\/\/ibvmunngo.org\/es\/#website"},"datePublished":"2022-03-04T16:44:25+00:00","dateModified":"2022-03-04T16:44:52+00:00","breadcrumb":{"@id":"https:\/\/ibvmunngo.org\/events\/building-greener-across-generations-intergenerational-conversation-on-climate-crisis\/#breadcrumb"},"inLanguage":"pt-BR","potentialAction":[{"@type":"ReadAction","target":["https:\/\/ibvmunngo.org\/events\/building-greener-across-generations-intergenerational-conversation-on-climate-crisis\/"]}]},{"@type":"BreadcrumbList","@id":"https:\/\/ibvmunngo.org\/events\/building-greener-across-generations-intergenerational-conversation-on-climate-crisis\/#breadcrumb","itemListElement":[{"@type":"ListItem","position":1,"name":"Home","item":"https:\/\/ibvmunngo.org\/es\/"},{"@type":"ListItem","position":2,"name":"Évenements","item":"https:\/\/ibvmunngo.org\/fr\/evenements\/"},{"@type":"ListItem","position":3,"name":"Building Greener Across Generations &#8211; Intergenerational Conversation on Climate Crisis"}]},{"@type":"WebSite","@id":"https:\/\/ibvmunngo.org\/es\/#website","url":"https:\/\/ibvmunngo.org\/es\/","name":"Institute of the Blessed Virgin Mary – Loreto","description":"NGO ASSOCIATED WITH ECOSOC AT THE UNITED NATIONS","publisher":{"@id":"https:\/\/ibvmunngo.org\/es\/#organization"},"potentialAction":[{"@type":"SearchAction","target":{"@type":"EntryPoint","urlTemplate":"https:\/\/ibvmunngo.org\/es\/?s={search_term_string}"},"query-input":{"@type":"PropertyValueSpecification","valueRequired":true,"valueName":"search_term_string"}}],"inLanguage":"pt-BR"},{"@type":"Organization","@id":"https:\/\/ibvmunngo.org\/es\/#organization","name":"Institute of the Blessed Virgin Mary – Loreto","url":"https:\/\/ibvmunngo.org\/es\/","logo":{"@type":"ImageObject","inLanguage":"pt-BR","@id":"https:\/\/ibvmunngo.org\/es\/#\/schema\/logo\/image\/","url":"https:\/\/ibvmunngo.org\/wp-content\/uploads\/2020\/10\/Logo_IBVM_UN_1.png","contentUrl":"https:\/\/ibvmunngo.org\/wp-content\/uploads\/2020\/10\/Logo_IBVM_UN_1.png","width":200,"height":144,"caption":"Institute of the Blessed Virgin Mary – Loreto"},"image":{"@id":"https:\/\/ibvmunngo.org\/es\/#\/schema\/logo\/image\/"}}]}</script>
<!-- / Yoast SEO plugin. -->

Construindo de forma mais verde entre gerações - Conversa Intergeracional sobre a Crise Climática - Instituto da Bem-Aventurada Virgem Maria – Loreto

Évenements

ONG ASSOCIADA AO ECOSOC NAS NAÇÕES UNIDAS
